0*q - 155870*q**2 - 2 + 155871*q**2. Let h(k) = 2*k + 30. Let z be h(-18). Give c(z).
-2
Suppose 0 = 2*z - 375 + 365. Let i(f) = f - 2. Let u be i(z). Let j(b) = 2*b**2 - 3*b - 1. Give j(u).
8
Let m(o) = o**3 - 5*o - 6. Let h = -848 - -846. Give m(h).
-4
Let p(o) = -2 - o**2 - 11*o - 3 + 1. Suppose -1064*t + 2147*t + 170 = 1066*t. Calculate p(t).
6
Let u(a) be the second derivative of 2 - 11/6*a**3 + 1/12*a**4 + 48*a - 6*a**2. Determine u(9).
-30
Let i(y) = -2*y**2 - 8*y - 17. Let z(k) = -2*k**2 - 8*k - 16. Let d(h) = 5*i(h) - 6*z(h). Let n be d(-3). Let t(j) = 0 - 1 - 3 - n*j + 1. Determine t(-2).
7
Let r(x) be the first derivative of -x**5/60 - x**4/3 + 7*x**3/3 - 63*x**2/2 + 43. Let u(o) be the second derivative of r(o). Give u(-10).
-6
Suppose a = 2*r + 2*r + 17, -4*a - 3*r - 8 = 0. Let t(z) = -51*z - 4. Determine t(a).
-55
Let t be (-2)/2 + 0/(-57). Let q(f) = 427*f**2 + 1 - f - 2 - 389*f**2. Determine q(t).
38
Let q(l) be the second derivative of 17*l**3/3 + 11*l**2/2 - 121*l - 8. Calculate q(-4).
-125
Let h(z) = z - 1. Let r(y) = y**2 + 3*y - 3. Let b(x) = -5*h(x) - r(x). Let l be -1*(1 + -4)*1 + 3. Suppose 4*i + 24 = -3*k, -5*i + 4*k - 36 = -l. Give b(i).
20
Suppose 20499*y - 20517*y = -270. Let u(q) = 2*q**2 - 31*q - 31. Give u(y).
-46
Let q be 22 - -16 - (-3)/3. Let i be (-10)/12*q/(-65)*6. Let z(x) = x - 1. What is z(i)?
2
Let r(j) be the first derivative of j**3/3 + 10*j**2 - 40*j + 475. Give r(2).
4
Let a(b) = 2*b**2 - 5*b. Suppose 4*w = 35*r - 34*r + 48, r - 12 = -w. Suppose -4*p - 3*z = -11, -3*p - 9*z + 24 = -w*z. Give a(p).
25
Suppose 2030*m - 2026*m = -28. Let o be (2 - -6) + -2 + 2. Let x(s) = 3 + 5 + s - 8 + o. Calculate x(m).
1
Suppose 23 = 3*o + 2*h, 0 = o - 6*h + h + 15. Suppose -4*s = -o*s + 3*j + 2, -5*s = -3*j - 70. Let m(x) = 0 + 27*x**2 - s*x**2 - x - 1. Give m(-1).
10
Let q(n) = -5. Let k(x) = -2*x - 11. Suppose 0 = -36*i + 41*i - 30. Let z(g) = i*k(g) - 13*q(g). Give z(1).
-13
Suppose -4*b - 5*g - 53 = 0, 2*b + 3*g = 2*g - 31. Let o be ((-176)/528)/(1 + b/18). Let t(r) = -r**2 - 6*r + 2. Determine t(o).
2
Suppose 22*a + 13 + 75 = 0. Let d(b) = -2. Let v(p) = p - 8. Let l(y) = a*d(y) + v(y). Let n = 13 + -9. What is l(n)?
4
Let s(f) = -9*f + 2 + 51426*f**2 - 5*f - 51428*f**2. Calculate s(-10).
-58
Let w = -358 - -361. Let v(b) = -b - 8*b**w - 12*b**3 + 6 + 19*b**3 + 2 + b**2. Determine v(0).
8
Suppose -3*u + 3*j = 12, -16*j = 3*u - 18*j + 9. Let r(b) = 12*b**3 + 4*b**2 + b - 1. Let t be r(u). Let d(i) = -i - 12. Calculate d(t).
-2
Let m(j) = -j**2 + 7*j - 2. Suppose 3*o + 3*b = -60, 2*b = 5*o + 120 + 1. Let q = -17 - o. Determine m(q).
4
Let v(m) = -27*m + 4. Suppose 325*a + 14 = 339*a. What is v(a)?
-23
Let c(m) be the first derivative of m**4/4 + m**3 + m**2/2 - m - 4. Suppose -l = 3*a - 9, -5*l - 51 = -3*a - 24. Determine c(l).
-4
Let s(b) = -b. Suppose -3*j + 3*a - 45 = 0, 112*a - 116*a + 43 = -3*j. Determine s(j).
17
Let m(q) = -45*q + 95. Let u(p) = 62*p - 146. Let r(x) = 7*m(x) + 5*u(x). Give r(-13).
0
Let a be ((-133)/(-38) - 5)/(-4*3). Let c(k) be the third derivative of 2/3*k**3 + 1/60*k**5 + a*k**4 + 0 - 12*k**2 - 1/120*k**6 + 0*k. What is c(3)?
-5
Let c(a) = -3 - 3*a - a + 5*a. Let k(u) = u**2 + 14*u - 95. Let j be k(-19). Suppose -9 = -i + 2*b - 4, j = -4*i - 2*b - 20. Calculate c(i).
-6
Let t = 4153 - 4150. Let q(d) = -d**2 + 2*d - 8. Determine q(t).
-11
Suppose 3*w + 4 = 5*w. Let f = -1475 + 1476. Let n(z) = f - z**2 + 6*z - 4*z - 11*z**3 - w*z. Calculate n(1).
-11
Let p(g) = -300*g**2 + 2*g + g**3 - 3 + 592*g**2 - 294*g**2. Suppose 206 = 4*l + 198. Give p(l).
1
Let p(h) = -h**2 + 2*h - h - 5*h + 3. Let n be (-11)/(11/3) - -10. Suppose -3*c - n - 18 = -2*b, -20 = 2*c - 2*b. Determine p(c).
-2
Let n(x) = -x**3 + 6*x**2 + 6. Let c be n(6). Let o(l) = -4 - 19 + 18 + 0 + 5*l**2 - 4*l**2 - 6*l. Determine o(c).
-5
Suppose 6*h + 20 = 2*h. Let q(t) = -t**3 - 5*t**2 - 4*t - 4. Let k be 6/3*(2 - 20/8). Let y(l) = l**2 + l + 1. Let w(o) = k*y(o) + q(o). Calculate w(h).
-5
Let d be (4 + (-192)/18)*42/(-35). Let k(p) = -p**3 + 6*p**2 + 15*p + 22. Calculate k(d).
14
Let k(d) be the third derivative of -11/24*d**4 - 20*d**2 - 1/6*d**3 - 1 + 0*d. Calculate k(-1).
10
Let n(x) be the first derivative of -2*x**3/3 - 3*x**2/2 + 2*x - 1495. Calculate n(7).
-117
Let c(r) be the second derivative of r**4/12 - r**3/6 + 6*r + 4. Let q(m) = -5 - 3*m + 7 + 3 - 2*m**2 + 0*m. Let v(f) = 3*c(f) + q(f). Calculate v(4).
-3
Let f be -2 - 12/(0 + -2). Let n(q) = -1973*q - 25 + 1975*q + 30. What is n(f)?
13
Let m(a) = -20*a**2 + a - 1. Let l(u) = -u**3 - 104*u**2 + 104*u - 104. Let c be l(-105). Give m(c).
-20
Let v(g) be the first derivative of 5*g**3/3 + 9*g**2/2 - 12*g + 14558. What is v(-6)?
114
Let f(d) = -d - 55. Let i(a) = a. Let g(z) = -f(z) + i(z). What is g(-25)?
5
Let s(c) = -2*c**2 + 29*c + 57. Let f = -22034 + 22032. Give s(f).
-9
Let r(g) = 2*g**2 - g - 1. Suppose 0 = -6*l + 2*l + 48. Suppose -l*o = -4*o. Suppose 0 = 3*p - 3 - o, -3*z + 8 = 2*p. Calculate r(z).
5
Let s(l) = 2*l + 17. Let i(z) = z + 79. Let b(m) = -i(m) + 4*s(m). Determine b(7).
38
Let m(i) be the first derivative of -i**2/2 + 17*i - 3735. Let g = 5 - 3. Suppose -3*q = l - 12, -g*q + 47 = -l + 6*l. Calculate m(l).
8
Suppose 5*l + 3*m - 12 = 0, -3*l - 9 = -7*l - 3*m. Let k(f) = -f**3 - 2*f**2 + 4*f - 2. What is k(l)?
-35
Suppose -4*w + t = 5, 2*w - 5*t - 5 = 6. Let m(a) = a**2 + 4425 - 893*a + 892*a - 4426. Give m(w).
5
Let b(u) = u**3 + 4*u**2 - 4*u - 5. Let r = 47 - 53. Let y be (-18)/8*r*16/36. Let f(a) = -a**2 + 4*a + 7. Let j be f(y). Determine b(j).
-10
Let l(t) be the second derivative of t**4/12 - 3*t**3/2 - 14*t**2 - 12356*t. Determine l(14).
42
Let x(w) = -w**3 + 16*w**2 + 34*w - 133. Let r(a) = a**3 - 15*a**2 - 31*a + 136. Let f(d) = 3*r(d) + 2*x(d). Determine f(14).
-12
Let o(d) = -d**3 + 3*d**2 + d - 4. Suppose 4*s + 3*a = -1406, -3*a = -s - 260 - 84. Let p = -348 - s. Calculate o(p).
2
Let u be (-3488)/(-576) + 1/(-18). Let a(y) = -y**3 + 10*y**2 - 28*y + 25. Determine a(u).
1
Let t(m) = -55 - 38*m - 3902*m**2 + 10 + 3901*m**2. What is t(-36)?
27
Suppose 0 = -5*k + 38 - 13. Suppose -29*m - 40*m = -138. Let n(t) = 3 - m + 12*t - 6*t - t**2 - 2*t. Give n(k).
-4
Let s(f) = -f + 3. Let m be 8/12 - (-22)/(-6). Let u = 158 + -118. Let w be (u/25 + -1)/(m/(-15)). Determine s(w).
0
Let l(u) be the second derivative of u**4/12 - u**3/2 - 3*u**2/2 + 12*u - 14. Suppose -7 = 4*b + c, -b - 3*c + 3 = 2. What is l(b)?
7
Let m(q) be the first derivative of -4*q**2 - 49*q - 11062. Determine m(-13).
55
Let l(w) = -w**2 + 2*w + 6. Suppose 0 = 2*d + 73 - 65. Let q be (-10)/d*96/40. What is l(q)?
-18
Suppose -2*x + 11*s - 10 = 6*s, 5*s = 4*x. Suppose -3*t + x*c + 9 = 0, 17*c - 1 = t + 14*c. Suppose t*f = 4 + 4. Let b(a) = -11*a**3. What is b(f)?
-11
Let k(p) = p**3 + 14*p**2 + 11*p - 16. Suppose 71 - 22 = 7*t. Suppose 0 = -r - t*r - 104. Determine k(r).
10
Suppose -6303*n - 1 = -6302*n. Let u(m) = -71*m. Calculate u(n).
71
Let n be -58 - (-2 - (-1 + -1)). Let a = -626 + 563. Let r = n - a. Let b(g) = g**3 - 4*g**2 - 4*g + 6. What is b(r)?
11
Let x(d) = d**3 - 6*d**2 - 9*d - 6. Let r(i) = i**3 - 7*i**2 - 10*i - 7. Let j(s) = 5*r(s) - 6*x(s). Let c = 715 - 471. Let m = 247 - c. What is j(m)?
-5
Let r(b) = b**2 - 13. Let k(q) = q**2 - 95*q - 199. Let h be k(97). What is r(h)?
12
Suppose -w = -2*i + 5, 4*i = -535*w + 540*w - 5. Let l(u) = 3*u**2 + 1. What is l(w)?
76
Let s be 29/(-290)*30/4*792/(-27). Let f(y) = -y + 27. Calculate f(s).
5
Let p(v) be the second derivative of 13*v**3/3 - 63*v**2/2 - 3841*v. Give p(3).
15
Suppose 16*f - 13456 = 8624. Let x(p) = 3 - 1394*p**2 + 16 + p**3 + f*p**2. Calculate x(14).
19
Let v(l) = -24*l**3 + 3*l**2 + 2*l. Let w be v(1). Let b(t) = -2*t**2 - 35*t + 56. Determine b(w).
-1
Let o = -8494 + 8506. Let q(u) = -u - 29. Calculate q(o).
-41
Let n(b) = -45*b**3 + 22*b**2 + 13*b - 25. Let j(g) = -14*g**3 + 7*g**2 + 4*g - 8. Let d(f) = -16*j(f) + 5*n(f). Give d(-2).
1
Let l be (-1 - -1) + (-35)/(-245) + 41/7. Let w(k) = -2*k**2 + 3*k + 31. Give w(l).
-23
Let u be (-11290)/90 + (-20)/(-45). Let c(r) = -63*r - 3. Let l be c(-2). Let f = u + l. Let z(n) = 3*n + 1. Determine z(f).
-5
Let t(y) = y**2 - 11*y - 6. Let l = 310 - 887. Let 